t 17892 (base 15) to base 13.
288a7
1100011011011000101110 (base 2) to base 4
30123120232
Convert -6c26a (base 14) to base 9.
-442013
Convert 6724747 (base 8) to base 11.
1029122
What is -200122010202201 (base 3) in base 16?
-971cbf
1256547 (base 9) to base 2
10100111110000111110
31021 (base 15) to base 10
155281
522aa (base 11) to base 15
178be
Convert 3b533 (base 13) to base 2.
11011000010010001
200655465 (base 7) to base 5
10440110112
-222020221012221 (base 3) to base 6
-1215025341
What is 402035 (base 6) in base 12?
1631b
Convert -2303044 (base 6) to base 4.
-130221010
20311222 (base 4) to base 2
1000110101101010
What is -13622077 (base 8) in base 15?
-4105eb
Convert -5316787 (base 9) to base 12.
-b52b51
-132121300 (base 4) to base 12
-60094
444174 (base 8) to base 5
14242003
Convert 6b4c5 (base 13) to base 2.
101111111100010010
What is -da0b9e (base 15) in base 6?
-1010255005
What is 1111223021 (base 6) in base 5?
11044241314
What is 39732 (base 10) in base 4?
21230310
Convert -1300200343 (base 5) to base 15.
-41cc18
20029 (base 15) to base 9
163843
165199 (base 11) to base 5
31141111
-9b6b6 (base 13) to base 16
-44f0b
1240777 (base 9) to base 2
10100101001001000100
Convert -1b9ac1 (base 15) to base 12.
-550854
What is -13e93 (base 16) in base 13?
-2b176
Convert -10101000100101011100110 (base 2) to base 10.
-5524198
-111010001010100001011 (base 2) to base 4
-13101110023
-ab8020 (base 16) to base 8
-52700040
3033221 (base 4) to base 15
3e0e
Convert -22211301 (base 6) to base 3.
-1021001120001
Convert 31441304 (base 5) to base 13.
93934
-110011111010010 (base 2) to base 3
-1100110101
What is 48a275 (base 11) in base 13?
21197a
What is -a8944 (base 11) in base 13?
-5700b
What is 54431 (base 16) in base 2?
1010100010000110001
What is -13002202103 (base 4) in base 16?
-1c2893
What is 200011111 (base 3) in base 11?
9a4a
Convert 203011210 (base 6) to base 13.
957597
What is 18042448 (base 9) in base 6?
522124155
-36ab8 (base 12) to base 14
-1d04c
-a08608 (base 11) to base 2
-110001011111110000100
-1222010122 (base 3) to base 15
-b725
What is 10100101110001110 (base 2) in base 9?
138378
Convert -2540502 (base 8) to base 12.
-29ba82
5532554 (base 6) to base 5
32323234
Convert 10132202110 (base 4) to base 12.
487244
Convert -1201377 (base 8) to base 14.
-879a7
What is 1403154 (base 6) in base 2?
10011001010001110
42976c (base 13) to base 3
2221102111111
-11100011111010101 (base 2) to base 16
-1c7d5
12021200122 (base 3) to base 5
11312041
Convert 3089ba (base 16) to base 11.
1882a16
Convert 5b2c2 (base 16) to base 6.
12000522
227167 (base 9) to base 16
21511
Convert -21503653 (base 7) to base 9.
-3428811
What is 6311a6 (base 14) in base 4?
30300231332
-2ab42 (base 12) to base 15
-12d5b
Convert 513123 (base 10) to base 9.
861776
What is -14642436 (base 8) in base 15?
-465870
What is -1430014 (base 7) in base 14?
-5000b
What is 259340 (base 11) in base 7?
3315416
What is -61f7 (base 16) in base 7?
-133055
What is -102113401 (base 5) in base 7?
-3423164
Convert 320201132230 (base 4) to base 10.
14817196
Convert 11200211112222 (base 3) to base 12.
a04898
What is 2e7a3c (base 16) in base 11?
17a0514
Convert 28056c (base 15) to base 6.
105131533
-202011131 (base 4) to base 14
-38c45
What is 215333050 (base 6) in base 2?
1110111000001110110110
115808 (base 10) to base 15
244a8
Convert -12122120200211 (base 3) to base 8.
-13351573
What is -1304302 (base 6) in base 11?
-49348
What is -20000201021111 (base 3) in base 15?
-433e34
183110 (base 9) to base 13
3ca5c
Convert -2231101031 (base 4) to base 5.
-140202314
-696568 (base 10) to base 3
-1022101111211
dd858 (base 14) to base 15
a906b
-443927 (base 10) to base 16
-6c617
What is -10bba9 (base 14) in base 15?
-b3ead
-235605061 (base 7) to base 4
-320002230010
What is cc3b (base 14) in base 6?
431325
What is 1153645 (base 9) in base 14?
1241cd
Convert -10177371 (base 8) to base 4.
-20033323321
2252058 (base 10) to base 15
2e7423
What is -547a5 (base 11) in base 4?
-103122003
Convert 5555413 (base 8) to base 9.
2732616
What is 24662533 (base 7) in base 16?
22161d
Convert -7a983 (base 14) to base 16.
-48cf7
305323454 (base 6) to base 12
193658a
Convert 1213000012 (base 4) to base 7.
3405004
What is 488321 (base 10) in base 14?
c9d61
-201101201020 (base 3) to base 2
-1011101001101011010
What is -430596 (base 11) in base 9?
-1258814
-1112021122002 (base 3) to base 13
-225b12
101100221212 (base 3) to base 4
301310321
-131060 (base 8) to base 5
-2424431
What is 2152132 (base 7) in base 2?
1000000101010100100
What is 31113320101 (base 4) in base 12?
1210901
-103708 (base 10) to base 12
-50024
Convert 310000 (base 9) to base 7.
1363410
Convert 202414331 (base 5) to base 10.
826216
What is -9361aa (base 11) in base 7?
-15522604
Convert -1214443551 (base 6) to base 3.
-222020020221211
11011001100100001000011 (base 2) to base 6
412445203
18c515 (base 16) to base 3
10001110202212
What is 135d37 (base 14) in base 6?
22203005
Convert 6d73d (base 16) to base 9.
752870
What is -23113203130 (base 4) in base 12?
-bb86a4
What is 100011111101101100 (base 2) in base 9?
244055
Convert -13581231 (base 10) to base 15.
-12d4106
What is -a98a (base 14) in base 5?
-1414301
-140aa (base 15) to base 13
-23350
Convert -18085a (base 14) to base 13.
-238586
Convert -75885a (base 16) to base 8.
-35304132
-1533212 (base 7) to base 5
-23210043
-4560612 (base 10) to base 16
-4596e4
Convert 597774 (base 11) to base 12.
398231
13300010031 (base 4) to base 15
2a2090
Convert 92078 (base 11) to base 8.
406564
Convert -96ff2b (base 16) to base 7.
-150053335
Convert -6254507 (base 8) to base 11.
-a35142
-273014 (base 8) to base 7
-546113
What is 151286 (base 9) in base 11?
63815
792e01 (base 16) to base 12
27aba29
1651433 (base 8) to base 15
9736c
What is -142a5 (base 14) in base 8?
-141411
-501511235 (base 6) to base 5
-4133011343
What is -22385 (base 12) in base 11?
-31179
Convert -2013314 (base 6) to base 3.
-11211211101
What is 9d0cb3 (base 14) in base 9?
11042265
What is -2323c (base 14) in base 10?
-85510
221232134 (base 5) to base 6
32335332
10212002110 (base 3) to base 5
4412012
Convert -2940578 (base 10) to base 5.
-1223044303
-10001010001000011001000 (base 2) to base 9
-8457800
Convert 2445168 (base 9) to base 14.
268526
Convert -38670 (base 12) to base 13.
-29067
Convert 1748 (base 13) to base 15.
1045
Convert 418807 (base 9) to base 16.
3cd9c
What is 281925 (base 10) in base 5?
33010200
-822558 (base 10) to base 6
-25344050
-13622653 (base 8) to base 6
-150120443
Convert 474473 (base 14) to base 6.
124043325
Convert 54442241 (base 6) to base 12.
663381
-124200003 (base 6) to base 15
-3336cc
What is 201313311 (base 4) in base 3?
21001022120
Convert -130222154 (base 7) to base 6.
-453204232
What is 52255021 (base 6) in base 3?
2212000201111
What is 22626203 (base 7) in base 11?
113a291
What is 306905 (base 10) in base 9?
516885
511544 (base 6) to base 2
1001111010011000
-10c00b (base 13) to base 15
-7cc63
Convert 76a8395 (base 11) to base 5.
11430243013
Convert 1804215 (base 9) to base 15.
14d535
Convert d14079 (base 15) to base 9.
20623706
Convert -10201101100100 (base 3) to base 11.
-112a530
-10878428 (base 10) to base 8
-51376734
What is ea515 (base 16) in base 13?
277b11
Convert -2423003 (base 6) to base 11.
-87a04
Convert -189ba4 (base 13) to base 16.
-97beb
223113031 (base 4) to base 6
3450141
Convert 2430002 (base 5) to base 13.
179ca
53a234 (base 14) to base 16
2b3776
Convert 3433132 (base 5) to base 11.
42371
What is -103112023331 (base 4) in base 6?
-300411405
What is 19690b0 (base 12) in base 11?
3035263
32113323203 (base 4) to base 2
1110010111111011100011
What is -2876186 (base 9) in base 14?
-2d3c6a
-10031302123 (base 4) to base 7
-12251503
What is 132139 (base 14) in base 7?
5412502
Convert -747447 (base 8) to base 13.
-89820
What is -9c1492 (base 14) in base 4?
-110033023220
-7334025 (base 9) to base 2
-1110111100111111110000
Convert 16836 (base 16) to base 5.
10422324
1472761 (base 8) to base 5
102022114
Convert -12528a (base 13) to base 14.
-b6420
What is -182324 (base 11) in base 13?
-9b011
Convert 110120201002 (base 3) to base 8.
743536
Convert -23baa9 (base 14) to base 6.
-42114525
83ca4 (base 13) to base 8
717271
Con